1).
6
Let u(s) = -5*s - 103. What is u(-18)?
-13
Let t(q) = q - 2. What is t(8)?
6
Let a(r) = r**3 + 13*r**2 + 4*r + 19. Determine a(-13).
-33
Let f(k) = 2*k + 38. Determine f(-9).
20
Let p(y) = -8*y - 94. Determine p(-20).
66
Let h(x) = -9*x**2 + 45*x - 7. Determine h(5).
-7
Let s(c) = -c + 16. Give s(5).
11
Let y(q) = -17*q + 146. Give y(9).
-7
Let j(w) = 2*w**3 + 12*w**2 + w - 18. Calculate j(-5).
27
Let w(c) = c**3 - 32*c**2 - 34*c + 33. What is w(33)?
0
Let b(j) = -j**3 - 4*j**2 - 3*j - 1. What is b(-3)?
-1
Let r(o) = 17*o - 254. Calculate r(14).
-16
Let c(o) = -9*o + 14. Calculate c(2).
-4
Let x(f) = f**2 - 4*f - 10. Give x(-2).
2
Let q(t) = 3*t**3 - 64*t**2 - 46*t + 23. Calculate q(22).
-21
Let f(l) = 30*l + 815. What is f(-27)?
5
Let i(z) = -2*z. Calculate i(-12).
24
Let t(h) = h**3 - 14*h**2 + h - 18. What is t(14)?
-4
Let m(h) = -9*h + 4. Give m(3).
-23
Let s(g) = g**3 + 17*g**2 + 17*g + 9. Calculate s(-16).
-7
Let j(s) = 6*s**2 + 4*s + 7. Give j(-1).
9
Let b(i) = 12*i**3 + i**2 - i - 1. Give b(-1).
-11
Let i(m) = -m**2 + 12*m - 34. What is i(8)?
-2
Let h(x) = -2*x - 10. Give h(-8).
6
Let x(f) = 15*f**2 + 38*f - 5. Determine x(-3).
16
Let z(v) = -v**3 - 12*v**2 + 14*v + 3. Give z(-13).
-10
Let m(n) = -3*n + 27. Give m(5).
12
Let b(g) = -2*g**3 + 2*g**2 - 4*g + 5. What is b(0)?
5
Let m(h) = -h**3 - h**2 + h + 5. Give m(0).
5
Let x(i) = -i**2 - 20*i - 93. Give x(-15).
-18
Let b(o) = -15*o**2 + 12*o + 13. Give b(-1).
-14
Let h(j) = j + 7. Determine h(-5).
2
Let u(f) = -f**3 - 9*f**2 - 9*f - 4. Calculate u(-6).
-58
Let m(c) = -c + 42. Calculate m(14).
28
Let b(j) = -11*j - 71. Determine b(-7).
6
Let q(n) = 2*n**2 + 10*n + 18. Determine q(-5).
18
Let i(x) = -x**3 + 10*x**2 + 10*x - 2. Determine i(11).
-13
Let p(f) = 2*f - 39. Calculate p(16).
-7
Let r(w) = w**3 + 3*w**2 - 90*w + 8. Determine r(8).
-8
Let d(o) = -o**2 - 20*o + 255. Give d(-29).
-6
Let f(u) = -u**2 - 12*u + 39. Calculate f(-15).
-6
Let c(y) = -y**2 + 11*y - 5. What is c(7)?
23
Let t(j) = -3*j. Determine t(5).
-15
Let q(n) = n**3 - 20*n**2 + 19*n - 6. What is q(19)?
-6
Let j(x) = x**2 + 22*x + 7. What is j(-21)?
-14
Let r(v) = -40*v - 84. Give r(-2).
-4
Let t(x) = -x - 12. Give t(-5).
-7
Let r(o) = o**3 + 13*o**2 + 14*o + 24. Determine r(-12).
0
Let o(p) = p**3 + 10*p**2 - p + 11. Calculate o(-10).
21
Let q(m) = -m**3 + 3*m**2 - 3*m + 21. Determine q(4).
-7
Let h(r) = -r**3 + 9*r**2 + 27*r - 41. What is h(11)?
14
Let a(p) = -49*p + 89. Calculate a(2).
-9
Let m(n) = n**2 - 14*n + 29. Give m(12).
5
Let r(l) = 175*l**2 + 4*l - 4. What is r(1)?
175
Let i(y) = y**3 - 3*y**2 - 7*y + 17. Give i(4).
5
Let j(c) = -c**2 - 2*c + 3. What is j(-4)?
-5
Let z(c) = -c**3 + 9*c**2 - 9*c + 5. Determine z(6).
59
Let w(o) = -71*o - 780. Give w(-11).
1
Let q(b) = b**2 + 5*b - 9. What is q(6)?
57
Let b(j) = 45*j - 12. What is b(3)?
123
Let z(w) = -3*w**2 + 22*w - 3. What is z(8)?
-19
Let l(r) = r**3 + 4*r**2 - 4*r - 23. Calculate l(-4).
-7
Let p(d) = d**3 - 4*d**2 - 12*d + 13. Calculate p(7).
76
Let y(d) = -d + 14. What is y(12)?
2
Let p(s) = -2*s**2 + 10*s - 10. Determine p(5).
-10
Let b(v) = 3*v + 45. Determine b(-13).
6
Let c(m) = 2*m**2 + 3*m - 4. Calculate c(0).
-4
Let p(x) = -2*x**2 - 8*x - 9. Determine p(-3).
-3
Let z(f) = -f**3 - 13*f**2 + 14*f - 2. Give z(-14).
-2
Let v(k) = -k**2 + 7*k + 103. Calculate v(17).
-67
Let u(d) = d**3 + 3*d**2 - 3*d - 5. Give u(-4).
-9
Let h(w) = -4*w**3 + 4*w**2 + 4*w + 2. Calculate h(-1).
6
Let j(f) = 7*f - 2. Determine j(6).
40
Let z(h) = -2*h - 20. Give z(9).
-38
Let q(z) = 2*z**2 + 21*z + 46. Determine q(-7).
-3
Let j(x) = x**3 - 68*x**2 + 129*x + 211. Determine j(66).
13
Let h(x) = -15*x + 1. Give h(6).
-89
Let b(q) = q**2 - 7*q - 14. Give b(12).
46
Let a(c) = -c**3 + 16*c**2 + 2. Give a(16).
2
Let h(s) = -2*s + 5. What is h(6)?
-7
Let x(p) = -6*p - 52. Determine x(10).
-112
Let x(o) = o**3 - 12*o**2 + o - 6. Calculate x(12).
6
Let x(k) = -k**2 + 2*k + 2. Give x(5).
-13
Let k(g) = 5*g + 55. Calculate k(-12).
-5
Let u(c) = c - 4. Calculate u(-31).
-35
Let a(v) = 3*v**2 + 2*v - 5. Determine a(-5).
60
Let k(j) = -39*j - 74. What is k(-4)?
82
Let i(c) = 14*c + 3. Determine i(-2).
-25
Let p(i) = i**3 + 19*i**2 + i + 28. What is p(-19)?
9
Let y(u) = u**2 + 17*u + 34. Calculate y(-15).
4
Let b(q) = -q**2 + 26*q - 122. Determine b(7).
11
Let d(v) = 3*v + 20. Determine d(-8).
-4
Let c(o) = 4*o**3 + 4*o + 4. Calculate c(-2).
-36
Let q(c) = 2*c**2 + 89*c - 242. What is q(-47)?
-7
Let v(r) = -r - 7. Determine v(-5).
-2
Let m(w) = w**2 + 8*w - 2. What is m(-8)?
-2
Let p(v) = -v**3 - 5*v**2 - v + 3. Give p(-5).
8
Let q(m) = -3*m - 10. What is q(-13)?
29
Let u(c) = 11*c + 11. Calculate u(-4).
-33
Let r(a) = -19*a - 124. Determine r(-7).
9
Let r(s) = -s**3 + 3*s**2 - 2*s + 3. What is r(3)?
-3
Let c(s) = -s**2 - 20*s - 47. Determine c(-11).
52
Let j(v) = v**3 + 6*v**2 - 2*v + 3. Determine j(-6).
15
Let c(l) = l**3 + 7*l**2 - 10*l - 3. Calculate c(-8).
13
Let q(o) = -94*o + 4. Determine q(0).
4
Let f(w) = w**2 + 25*w + 89. Determine f(-7).
-37
Let k(m) = -5*m - 35. What is k(-8)?
5
Let u(o) = -2*o**3 + 4*o**2 + 10*o + 14. Give u(-2).
26
Let w(b) = 9*b - 59. Determine w(7).
4
Let s(h) = h**3 + 9*h**2 + 6*h - 7. What is s(-8)?
9
Let q(r) = -r**3 + 17*r**2 + 16*r. What is q(18)?
-36
Let m(r) = -r**2 - 8*r - 9. What is m(-6)?
3
Let h(k) = -6*k**3 - k**2 + k. Give h(1).
-6
Let j(o) = -11*o - 3. What is j(-6)?
63
Let q(s) = -5*s - 12. Determine q(-4).
8
Let p(j) = -j**3 - 36*j**2 - 37*j - 32. What is p(-35)?
38
Let j(f) = -2*f - 21. Determine j(-16).
11
Let v(y) = 2*y**2 + 4*y - 5. Give v(-5).
25
Let n(j) = -j**2 - 2*j - 10. Calculate n(-7).
-45
Let h(b) = b - 34. Give h(-6).
-40
Let v(g) = g**3 + g**2 - 3*g - 5. Calculate v(-2).
-3
Let c(j) = -j. Calculate c(-2).
2
Let w(m) = -m**2 - 14*m - 32. Determine w(-6).
16
Let z(r) = -r**3 - 17*r**2 - 19*r + 75. Determine z(-16).
123
Let h(k) = -k**2 + 7*k + 11. Give h(8).
3
Let a(v) = -v**3 - v**2 - 79. Determine a(0).
-79
Let q(h) = h + 16. Calculate q(-13).
3
Let v(b) = b**2 + 4*b - 2. Determine v(-5).
3
Let g(q) = -q**3 + 8*q**2 - 9*q + 5. Give g(6).
23
Let n(q) = -5*q + 5. Determine n(9).
-40
Let d(h) = -h**2 - h - 7. What is d(4)?
-27
Let h(q) = 182*q - 172. What is h(1)?
10
Let h(p) = 7*p**3 - 3*p**2 - 2*p - 2. Determine h(-2).
-66
Let t(p) = 4*p - 6. What is t(-10)?
-46
Let o(z) = 16*z**2 - 191*z - 6. Calculate o(12).
6
Let n(o) = -o**3 + 7*o**2 + 12*o - 24. What is n(8)?
8
Let b(p) = -3*p**2 - 38*p + 8. Give b(-13).
-5
Let x(n) = 19*n**2. Determine x(1).
19
Let s(n) = 12*n + 1. Give s(-3).
-35
Let k(y) = 10*y - 50. Determine k(9).
40
Let k(x) = -2*x**3 + 18*x**2 + 7*x + 129. Calculate k(10).
-1
Let r(m) = -m + 38. Determine r(-26).
64
Let f(y) = y**3 + y**2 + 2*y + 29. Calculate f(0).
29
Let c(t) = -9*t + 84. Give c(26).
-150
Let m(d) = 6*d**2 - d - 1. Calculate m(-1).
6
Let v(m) = 7*m + 6. Give v(-4).
-22
Let n(l) = 188*l - 949. What is n(5)?
-9
Let a(m) = 16*m - 4. Determine a(-3).
-52
Let a(n) = n**3 - 7*n**2 + 10*n - 7. Determine a(2).
-7
Let s(c) = 40*c**2 - 2*c - 1. Determine s(-1).
41
Let o(q) = 38*q**3 + q**2 - 1. Calculate o(-1).
-38
Let f(n) = n**3 - 10*n**2 + 16*n + 8. What is f(9)?
71
Let s(t) = -2*t**3 - 4*t**2 + 2*t + 1. Calculate s(1).
-3
Let s(f) = f**2 - 25. Determine s(0).
-25
Let s(j) = 3*j**2 - 20*j - 8. What is s(7)?
-1
Let m(n) = 2*n**2 + n - 6. Determine m(-3).
9
Let p(a) = a**3 - 20*a**2 + 13*a - 18. Determine p(19).
-132
Let i(q) = 6*q - 9. Determine i(5).
21
Let j(x) = -x**2 - 4*x + 1. Calculate j(-3).
4
Let i(p) = -p**3 + 19*p**2 - 16*p - 6. Calculate i(18).
30
Let k(x) = -x**3 + 8*x - 4. Calculate k(6).
-172
Let i(o) = 21*o - 3. Give i(1).
18
Let j(y) = y**2 - 12*y - 7. Give j(14).
21
Let r(v) = -v**2 + 12*v - 6. Give r(12).
-6
Let b(j) = j**2 + 13*j + 45. Determine b(-7).
3
Let u(i) = i**3 - 7*i**2 + 2*i - 9. Determine u(7).
5
Let v(l) = 53*l**2 + 2*l + 1. Give v(-1).
52
Let j(m) = -2*m**2 + m + 14. Determine j(-3).
-7
Let r(g) = -3*g**3 - 17*g**2 + 5*g - 8. What is r(-6)?
-2
Let z(d) = -2*d - 14. What is z(8)?
-30
Let c(d) = d**3 - 4*d**2 - 16*d + 19. Determine c(6).
-5
Let t(g) = 13*g**3 + g**2 - 1. Calculate t(-1).
-13
Let s(q) = 9*q + 2. Give s(-2).
-16
Let y(v) = -v**2 - 10*v + 8. What i